 46 - 8 + 4*n. Let t be v(23). Calculate the greatest common factor of t and 5.
5
Let k = -19 + 21. Suppose -4*t = -5*x + 536, 85 = -k*x - 3*t + 304. Calculate the highest common factor of x and 12.
12
Let p(h) = -h**2 - 5*h + 5. Let u be p(2). Let k(r) = -r**3 - 8*r**2 + 10*r + 21. Let c be k(u). What is the greatest common factor of 3 and c?
3
Let w(n) = 4*n**2 + 7*n + 10. Suppose -g + 0 = 32. Let a be 18/(-42) - g/(-7). Let v be w(a). Calculate the greatest common factor of v and 15.
15
Let q(f) = f + 1. Let o be q(-1). Let j be o*(4 + -3)*-1. Suppose -5*b + b + 220 = j. What is the highest common divisor of 11 and b?
11
Let o = 684 + -494. What is the greatest common factor of 665 and o?
95
Suppose 3*k - 92 = -x, -3*k + 6*x = 4*x - 86. Suppose 4*y = p - 32, 2*p - 41 - k = y. What is the highest common factor of p and 108?
36
Let i(z) = 7*z**3 - 4*z**2 + 8*z - 32. Let l be i(3). Calculate the greatest common divisor of l and 319.
29
Suppose 0 = 5*q + 10, 5*q + 2 - 17 = a. Let f = 30 + a. Calculate the highest common factor of 10 and f.
5
Suppose -3*m + 26 - 2 = 0. Let h(d) = -14*d - 142. Let l be h(-13). What is the highest common divisor of l and m?
8
Let f = -455 - -710. Let o = f - 138. Suppose 0*v - 2*v = -3*k + 43, -5*k + 3*v + 71 = 0. Calculate the greatest common divisor of k and o.
13
Suppose 0 = p - 2*p - 721. Let m = -371 - p. Suppose 0 = 2*n + 3*n - m. What is the highest common divisor of 28 and n?
14
Suppose 3*m + 3 = 6, 2*k - 111 = m. Let p = 153 - 146. What is the highest common divisor of p and k?
7
Suppose 5*c + 5*a = 200, -2*a - 140 = -4*c - a. Suppose 5*n - 50 = -5*p, 3*p + 18 = -61*n + 62*n. What is the greatest common factor of c and n?
12
Let t(c) = 5*c + 19. Let a be t(-2). What is the greatest common factor of 387 and a?
9
Let b(t) = -4*t**3 + 5*t**2 + 7*t + 5. Let q be b(-2). Suppose 5*k - q = -3*s, s = -5*k + 3*k + 13. Calculate the greatest common divisor of s and 21.
21
Let y be (85/34)/((-5)/(-4)). What is the highest common divisor of 3 and y?
1
Let h(z) = -z**2 - 18. Let o be h(0). Let r = -47 - o. Let s = r + 42. What is the greatest common factor of 13 and s?
13
Let d(g) = -g - 10. Let z be d(-6). Let w be ((-66)/(-24))/((-1)/z). What is the greatest common divisor of 88 and w?
11
Suppose -4*d = r + 2, 0*d + d + 5*r + 10 = 0. Suppose d*s = -3*s + 2*x + 272, -3*s + 5*x + 284 = 0. What is the highest common factor of 22 and s?
22
Suppose 792 = 11*w - 5*w. What is the greatest common divisor of w and 99?
33
Let r = 160 + -65. Calculate the greatest common divisor of 19 and r.
19
Let p be -5 + 12 - (3 + -217). What is the highest common divisor of 51 and p?
17
Suppose -210 = -2*v - 3*r + 73, 2616 = 18*v + 4*r. What is the highest common factor of v and 657?
73
Let h(t) = -104*t - 13. Let y(d) = -2*d. Let q(z) = h(z) - 65*y(z). Let j be q(3). What is the highest common divisor of j and 260?
65
Let l(n) = -150*n - 95. Let c be l(-2). What is the highest common divisor of 10 and c?
5
Let q be (3 - (-1827)/58) + (-6)/(-4). Suppose 4*s = -2*a + 362, -5*s + 177 = -3*s - 3*a. What is the highest common factor of q and s?
18
Suppose -3*j - 660 = -2*k - 6*j, -5*k + 1650 = -3*j. Let m(d) = 4*d + 6. Let a be m(6). What is the greatest common factor of a and k?
30
Let m(g) = 3*g**2 + 5*g - 10. Let o(d) = d**3 - 14*d**2 + 14*d - 18. Let v be o(13). Let c be m(v). Calculate the highest common factor of 60 and c.
20
Let o(j) = -93*j + 477. Let k be o(5). Calculate the greatest common divisor of k and 192.
12
Let v = -2525 - -2577. Suppose -i - i = -156. What is the greatest common divisor of i and v?
26
Let h(b) = -b**2 + 30*b - 107. Let r be h(25). Let n(j) = 28*j - 3. Let g be n(3). What is the highest common factor of g and r?
9
Let x(u) = u**3 - 22*u**2 - 23*u + 20. Let g be x(23). What is the highest common divisor of g and 1620?
20
Suppose -264 = -6*k + 30. What is the highest common divisor of 7 and k?
7
Let v(d) = d**2 - d + 15. Let x be v(-4). What is the highest common factor of x and 245?
35
Suppose k = -0*k - 4*u + 19, -5*k = 3*u - 27. Suppose -2*o - 77 = -15. Let t = 33 + o. Calculate the greatest common divisor of k and t.
1
Let r(m) = 4*m**3 + 3*m**2 + 3*m. Let g be r(3). Calculate the highest common factor of 240 and g.
48
Suppose -19 + 60 = p - 4*u, u + 5 = 0. What is the greatest common factor of p and 672?
21
Let v(n) = -27*n + 5. Let a be v(-1). What is the highest common factor of 256 and a?
32
Suppose 6*y = 378 + 138. Suppose -2 - y = -2*p - 2*c, 5*p - 3*c = 204. Calculate the greatest common divisor of 210 and p.
42
Suppose -2*b + 32 + 22 = 0. Let j be 434/4 + 17/(-34). What is the greatest common factor of b and j?
27
Let w(i) = i**3 - 3*i**2 + 4. Let m be w(2). Suppose 30*p - 31*p + 8 = m. Suppose 3*b = -2*b + 120. Calculate the greatest common factor of b and p.
8
Suppose -2*b + u - 9 = 2*b, 0 = -2*b + u - 3. Let x(s) = 0 - 1 + s**2 + 0 - 3. Let i be x(b). What is the greatest common factor of 20 and i?
5
Let s(p) = 2*p - 22. Let l be s(12). Suppose -4*o = l*a - 34, -2*o + 7*o - 53 = -4*a. Calculate the highest common factor of 7 and a.
7
Let a be (-6)/48 + (-33)/(-8). Suppose k = 5*f - 39, -2*f - a*k = -6*f + 28. Calculate the highest common factor of f and 20.
4
Let h be 30/(36/4 + -6). What is the highest common divisor of 85 and h?
5
Let k = 31 + -11. Let x = -3126 + 3286. What is the highest common factor of k and x?
20
Let n = 6 + -2. Suppose -111 = 10*c - 341. Let i be c*2 + 4/(-1) + 2. What is the greatest common factor of n and i?
4
Let z = 34 + -47. Let m be 1/(-3) - z/3. Let j be m/1 + -1 + -2. Calculate the highest common factor of 3 and j.
1
Suppose -3*g - 658 - 994 = -4*c, 0 = 2*c + 2*g - 840. Let z = -269 + c. What is the highest common divisor of z and 21?
21
Let u be ((-7)/(-7))/((-172)/(-34) - 5). Calculate the highest common factor of u and 17.
17
Let q(v) = -115*v**3 - v**2 + 1. Let w be q(-1). Suppose 4*g - 5*z = 82, g + 6 = z + 27. What is the greatest common factor of w and g?
23
Let g(r) = 3*r**2. Suppose 40 = 5*f + 5*f. Let h be g(f). What is the highest common factor of h and 16?
16
Let n be (575/23)/(1 - 0). What is the greatest common divisor of n and 75?
25
Suppose -50*b = 7*b - 55404. Calculate the greatest common factor of 36 and b.
36
Let r(x) = -59*x - 88. Let u be r(-2). Calculate the highest common divisor of 66 and u.
6
Suppose 50 = 39*m - 652. Calculate the greatest common factor of 258 and m.
6
Suppose 2*m - 3*o = -3440, -3*m = 4*o + 4343 + 851. Let u be (-2)/(-6)*-2 - m/6. What is the highest common factor of 41 and u?
41
Let m = 731 - 723. Calculate the highest common divisor of 128 and m.
8
Let v be (-39)/(1 + -4) - -616. Calculate the highest common factor of 148 and v.
37
Suppose -4*r = -210 + 30. What is the greatest common divisor of r and 18?
9
Let a be (-4)/(-18) - (-5370)/135. What is the highest common factor of a and 100?
20
Suppose 0 = 5*m - 2*x - 80, -5*x + 49 = 3*m - 6*x. Calculate the greatest common factor of 99 and m.
9
Let u = 166 - 117. Let c = u + -15. Calculate the highest common divisor of c and 238.
34
Let z(g) = -109*g + 1. Suppose -4*f + 2*p - 2 = p, -4*f - 12 = 4*p. Let c be z(f). What is the greatest common factor of 10 and c?
10
Let d = -26 + 27. Let o be -5*d/((-10)/4). Suppose 0 = 2*f + 3*x - 38, -x + 18 = o*f - 3*x. What is the highest common divisor of 104 and f?
13
Let d be ((-40)/25)/(-4)*475/5. Let w be 1 + -3*(-37)/3. What is the highest common factor of d and w?
38
Suppose 255 = 5*c - 2*r, -5*c - 2*r + 285 = 2*r. Suppose -5*y - 76 = -k, -2*y + 182 - 39 = 3*k. Let h = k + c. Calculate the highest common factor of h and 13.
13
Suppose -3*z + y = -113, -2*y + 116 = -2*z + 5*z. Let v be ((-9)/(-18))/((-1)/z). Let k = v - -30. What is the greatest common factor of k and 77?
11
Suppose 1088 = 55*p - 452. Calculate the highest common factor of p and 1162.
14
Let b = 26 - 24. Let d be -1 - b*(-8 - -4). Let y be (-2)/2*-1*d. Calculate the highest common divisor of y and 49.
7
Suppose -3*a + i + 24 = -8, -4*i - 7 = -a. What is the highest common divisor of 8 and a?
1
Let p(u) = -u**2 + 8*u - 10. Let w be p(6). Let x be 48 + (-4 + w - -2). Calculate the greatest common factor of x and 32.
16
Let u = 5 - -2. Suppose 833*q - 681*q - 1